 67 = 4*g + y. Calculate the remainder when g is divided by -1 + (3 - 0 - -8).
7
Let i(o) = o**2 - 7*o - 12. Let n be i(12). Let b = -21 + n. What is the remainder when b is divided by 15?
12
Suppose 0*j - 2*w - 127 = -5*j, -5*w - 5 = 0. What is the remainder when j is divided by 7?
4
Let f(x) = x**3 - 4*x**2 - 2*x - 2. Let s be 3/1 + (-2 - -4). Let o(l) = 4*l**2 - 4*l + 1. Calculate the remainder when o(3) is divided by f(s).
12
Let w = -66 - -290. Calculate the remainder when w is divided by 57.
53
Suppose 0*v = v + 18. Calculate the remainder when 23 is divided by v/(-30) + 54/10.
5
Let f(w) = -5*w + 4. Let m be f(-4). Suppose 0 = -u - 3*u + m. Calculate the remainder when u is divided by 2.
0
Suppose -296 = 14*b - 18*b. Calculate the remainder when b is divided by 25.
24
Let o = 29 - 2. What is the remainder when 104 is divided by o?
23
Let m(c) = -c**2 + 8*c - 2. Suppose -5*v + 4 = 2*y, 0*y + 3*v - 2 = -y. Let i(w) = w + 2. Let d be i(y). Calculate the remainder when m(d) is divided by 8.
6
Suppose -4*z - 93 + 389 = 0. Calculate the remainder when z is divided by 19.
17
Let i = -7 + 11. Suppose -18 = -2*l - i. Suppose -8 = 4*m - 4*q, 8 = 4*m + 5*q - 29. Calculate the remainder when l is divided by m.
1
Let u = 125 - 119. Calculate the remainder when 17 is divided by u.
5
Let m be 1/(-8)*-4*58. Suppose 79 = 5*k + m. Calculate the remainder when 37 is divided by k.
7
Calculate the remainder when 44/33 + (-269)/(-3) is divided by 19.
15
Suppose 5*t = 10, 3*t - 2*t = 3*d + 98. Calculate the remainder when 5/(-4)*(0 + d) is divided by 21.
19
Let n = -18 - -38. Let w(v) = v - 1. Let g be w(1). Suppose b = -b + 5*a + 14, g = -5*b + 3*a + 35. What is the remainder when n is divided by b?
6
What is the remainder when (17 + -11)*17/2 is divided by 18?
15
Let u = 5 + 56. What is the remainder when u is divided by 21?
19
Suppose -157 = -3*l + 5*r, -5*r + 50 - 11 = l. What is the remainder when l is divided by 17?
15
Suppose 2*z - 45 = 7*z. Calculate the remainder when 18 is divided by (-30)/z*(-6)/(-2).
8
Suppose -5*m = -23 + 8. Calculate the remainder when (2/(2/5))/1 is divided by m.
2
Let m be 32/7 + 36/(-63). Calculate the remainder when 7 is divided by 8/(-3)*(-6)/m.
3
Let h = 0 + 26. Calculate the remainder when 76 is divided by h.
24
Suppose 3*c = w - 202, 4*c + 234 = 2*w - 168. Suppose h - 5 = -0. Suppose j = 3*q - 89, -h*q + w - 74 = 3*j. What is the remainder when q is divided by 10?
8
Let l = -38 + 114. Suppose 0 = -4*c + 3*u + l, 3*c + 3*u = -2*u + 57. Calculate the remainder when c is divided by 5.
4
Let t(m) = -31*m - 3. What is the remainder when t(-2) is divided by 15?
14
Suppose -3*u + 26 = 2. Calculate the remainder when 12 is divided by u.
4
Let j(i) = i**2 + 8*i - 1. Let b(o) = 4*o. Let u(d) = -5*b(d) + 2*j(d). Let s(r) = r + 3. Let x be s(-7). Calculate the remainder when u(x) is divided by 24.
22
Suppose 0 = t + 7*t - 136. Calculate the remainder when 32 is divided by t.
15
Let r(h) = h**2 - 3. What is the remainder when 1 is divided by r(-2)?
0
Suppose 4*h + 18*h - 242 = 0. Calculate the remainder when 36 is divided by h.
3
Suppose 3*n - 2 = 7. Calculate the remainder when n is divided by 1.
0
Calculate the remainder when 87 is divided by (-40)/(-6)*(-81)/(-18).
27
Suppose -1 = 2*v - 9. Suppose -20 = -4*f + v*u, -4*u = -4*f - 2*u + 18. Calculate the remainder when f is divided by 2.
0
Let u(j) = -3*j - 25. What is the remainder when 1/2 + 262/4 is divided by u(-16)?
20
Let m(s) = -s**3 - 6*s**2 - 2*s + 2. What is the remainder when 40 is divided by m(-6)?
12
Let v be (-4)/3*(-81)/(-18). Let i = v - -14. Calculate the remainder when 14 is divided by i.
6
Let j(o) = -o**2 - 9*o + 2. Let d be j(-8). Let i = -18 - d. Let t = i + 42. Calculate the remainder when t is divided by 5.
4
Let h = -15 - -27. Suppose -2*r + 96 = 26. Suppose 2*n - r = n. What is the remainder when n is divided by h?
11
Suppose 0 = s - 2*s - 5. Calculate the remainder when 6*(0 + (-6)/(-4)) is divided by 2*(25/(-2))/s.
4
What is the remainder when 18*(-20)/(-75)*70/4 is divided by 44?
40
Suppose 379 + 326 = 5*h. Suppose h = 5*s - 9. Calculate the remainder when s is divided by 11.
8
What is the remainder when -1 + 4 + 39 + -4 is divided by 21?
17
Suppose -3*x = -22 - 14. Let l = -13 - -48. What is the remainder when l is divided by x?
11
Suppose 5*l - 32 = 48. Calculate the remainder when 62 is divided by l.
14
Let b = 19 + -8. Let k = -36 - -67. Calculate the remainder when k is divided by b.
9
What is the remainder when 104 is divided by 42/(-70) + (-38)/(-5)?
6
Suppose 3*n = -5*k + 2, 2*k = 3*k - 1. Let v be 4/((0 - n)/(-2)). Let l(u) = u**3 + 7*u**2 - 10*u - 11. What is the remainder when 13 is divided by l(v)?
3
Let w(j) = -j - 1. Let z(k) = -14*k - 16. Let i(l) = -12*w(l) + z(l). Let r(h) = -h + 3. Calculate the remainder when r(-4) is divided by i(-4).
3
Suppose 0 = 5*x + 4 - 19. Calculate the remainder when 7 is divided by x.
1
Let i = -41 - -58. Let w = -21 - -31. Calculate the remainder when i is divided by w.
7
Let k(s) = 2*s**2 - 6*s - 7. Let z(x) = x**2 + 2*x. Let w be z(-4). Calculate the remainder when k(w) is divided by 19.
16
Let x = -51 - -74. What is the remainder when 205 is divided by x?
21
Let x = 22 - 16. Let n = x - -6. Let g(s) = 3*s**2 + 3*s + 1. Calculate the remainder when n is divided by g(-2).
5
Let w = -22 + 36. Suppose 5*j - 3*j - w = 0. What is the remainder when 13 is divided by j?
6
Let m = 41 - 5. What is the remainder when m is divided by 10?
6
Suppose 0 = -4*f - 12, -o + 0*o + 2*f + 11 = 0. Suppose 0 = a + 5 - 18. What is the remainder when a is divided by o?
3
Let o be ((-16)/(-24))/((-1)/(-24)). Let j = 36 - o. Calculate the remainder when j is divided by 7.
6
Let b = 64 - 41. What is the remainder when 89 is divided by b?
20
Let d(l) = l**2 + 5*l - 3. What is the remainder when d(4) is divided by 19?
14
Let p(g) = g**2 - 14 - g**2 - 14*g - g**2. Calculate the remainder when 77 is divided by p(-10).
25
Let g(k) = k**2 - 2*k. Let c be g(2). Let l(w) be the third derivative of -w**5/60 + 4*w**3 + 5*w**2. What is the remainder when l(c) is divided by 13?
11
Let l be 18/2 + -2 + 1. What is the remainder when (-4)/l*92/(-2) is divided by 10 + 5 + 0 + -3?
11
Let b be (12/18)/(1/6). Suppose -b*s + 255 = 5*w, -5*w + s = -10*w + 255. What is the remainder when w is divided by 13?
12
Calculate the remainder when (0 + 6/9)/((-2)/(-324)) is divided by 22.
20
Let x be ((-4)/5)/((-4)/170). Suppose 4*g = 3*v + 73, 0 = -0*g - 2*g + 4*v + x. Suppose 0 = 2*a - 101 + 27. What is the remainder when a is divided by g?
18
Let s(b) = -2*b**2 - 29*b - 35. Let x(k) = -k**3 - 6*k**2 + 6*k - 3. What is the remainder when x(-7) is divided by s(-13)?
0
Suppose 0*l + 8 = -2*j - 2*l, -2*l = -5*j - 34. Let a(p) = -5*p - 2. What is the remainder when 110 is divided by a(j)?
26
Suppose g - 7 = 3. Calculate the remainder when g is divided by 1/(3/(1 + 8)).
1
Suppose 2*b + 0*w = 4*w + 20, 5*b - 2*w = 50. Calculate the remainder when 29 is divided by b.
9
Suppose -3 - 15 = -2*y. What is the remainder when y is divided by 4?
1
Let n(z) = -z**3 - 3*z**2 - z. Suppose 0 = -3*t + 5*t. Suppose -15 = -t*l + 5*l. What is the remainder when 5 is divided by n(l)?
2
Let m(r) = 23*r**3 + r. Let o be m(1). Let d be (o/15)/((-4)/(-10)). Calculate the remainder when 32 is divided by 1/d + (-86)/(-8).
10
Let o = -42 - -76. What is the remainder when o is divided by 19?
15
Let n be -5 + 2/(-1) - -2. Let i = 28 + n. What is the remainder when i is divided by 8?
7
Suppose 0 = -2*m + u + 40, -2*m + 5*u + 33 = -15. Calculate the remainder when 36 is divided by m.
17
Suppose 0 = -k + f + 8, 5*k - 57 = k - f. Suppose -192 = -4*v - 4*u, -2*v + 75 = -5*u - 28. What is the remainder when v is divided by k?
10
Let q = 21 - 10. Calculate the remainder when 31 is divided by q.
9
Suppose 5 - 17 = -4*r. Let q = r - -9. What is the remainder when q is divided by 7?
5
Let q be -1 + (-1 - 0) + -4. Let h be 6/10 + q/10. Let m = 7 + h. What is the remainder when 25 is divided by m?
4
Let r(v) = 2*v**3 - 7*v**2 + 5*v + 2. What is the remainder when r(5) is divided by 26?
24
Let c(j) be the first derivative of 5*j**4/4 - j**3/3 + j - 2. Let d = 7 - -1. What is the remainder when d is divi